ed by 75?
49
What is the remainder when 162 is divided by 53?
3
Calculate the remainder when 712 is divided by 17.
15
What is the remainder when 1102 is divided by 228?
190
What is the remainder when 1200 is divided by 145?
40
What is the remainder when 1806 is divided by 453?
447
What is the remainder when 575 is divided by 118?
103
What is the remainder when 95 is divided by 43?
9
What is the remainder when 1993 is divided by 250?
243
What is the remainder when 1403 is divided by 18?
17
Calculate the remainder when 789 is divided by 219.
132
What is the remainder when 115 is divided by 56?
3
What is the remainder when 643 is divided by 46?
45
Calculate the remainder when 307 is divided by 188.
119
What is the remainder when 3529 is divided by 101?
95
Calculate the remainder when 339 is divided by 68.
67
Calculate the remainder when 149 is divided by 25.
24
What is the remainder when 440 is divided by 13?
11
Calculate the remainder when 2366 is divided by 88.
78
What is the remainder when 22397 is divided by 175?
172
What is the remainder when 3002 is divided by 1491?
20
What is the remainder when 54 is divided by 9?
0
Calculate the remainder when 16 is divided by 9.
7
Calculate the remainder when 342 is divided by 63.
27
What is the remainder when 1053 is divided by 57?
27
What is the remainder when 410 is divided by 83?
78
Calculate the remainder when 1883 is divided by 158.
145
What is the remainder when 1512 is divided by 1509?
3
Calculate the remainder when 729 is divided by 126.
99
What is the remainder when 349 is divided by 117?
115
Calculate the remainder when 738 is divided by 368.
2
Calculate the remainder when 402 is divided by 345.
57
Calculate the remainder when 69 is divided by 42.
27
Calculate the remainder when 127 is divided by 39.
10
Calculate the remainder when 964 is divided by 318.
10
What is the remainder when 9081 is divided by 118?
113
Calculate the remainder when 8269 is divided by 42.
37
What is the remainder when 325 is divided by 158?
9
What is the remainder when 4315 is divided by 11?
3
Calculate the remainder when 718 is divided by 101.
11
Calculate the remainder when 107 is divided by 13.
3
What is the remainder when 4092 is divided by 39?
36
Calculate the remainder when 254 is divided by 23.
1
What is the remainder when 220 is divided by 60?
40
What is the remainder when 246 is divided by 145?
101
Calculate the remainder when 1882 is divided by 16.
10
What is the remainder when 322 is divided by 166?
156
Calculate the remainder when 110737 is divided by 113.
110
Calculate the remainder when 42 is divided by 23.
19
What is the remainder when 67 is divided by 15?
7
What is the remainder when 940 is divided by 107?
84
Calculate the remainder when 681 is divided by 6.
3
What is the remainder when 229 is divided by 21?
19
What is the remainder when 161 is divided by 38?
9
Calculate the remainder when 2254 is divided by 120.
94
Calculate the remainder when 418 is divided by 76.
38
What is the remainder when 18 is divided by 5?
3
What is the remainder when 477 is divided by 122?
111
Calculate the remainder when 518 is divided by 41.
26
What is the remainder when 1293 is divided by 431?
0
What is the remainder when 775 is divided by 40?
15
What is the remainder when 310 is divided by 6?
4
Calculate the remainder when 430 is divided by 177.
76
What is the remainder when 65 is divided by 33?
32
Calculate the remainder when 122 is divided by 46.
30
What is the remainder when 816 is divided by 35?
11
What is the remainder when 1057 is divided by 46?
45
Calculate the remainder when 65 is divided by 43.
22
What is the remainder when 41 is divided by 23?
18
Calculate the remainder when 521 is divided by 90.
71
What is the remainder when 28 is divided by 2?
0
Calculate the remainder when 618 is divided by 62.
60
Calculate the remainder when 412 is divided by 210.
202
Calculate the remainder when 132 is divided by 11.
0
What is the remainder when 52 is divided by 22?
8
What is the remainder when 489 is divided by 55?
49
Calculate the remainder when 719 is divided by 52.
43
What is the remainder when 1435 is divided by 211?
169
Calculate the remainder when 101 is divided by 35.
31
What is the remainder when 180 is divided by 58?
6
Calculate the remainder when 230 is divided by 77.
76
Calculate the remainder when 1481 is divided by 13.
12
Calculate the remainder when 567 is divided by 30.
27
Calculate the remainder when 47 is divided by 44.
3
Calculate the remainder when 220 is divided by 111.
109
What is the remainder when 142 is divided by 50?
42
Calculate the remainder when 2099 is divided by 140.
139
What is the remainder when 257 is divided by 65?
62
Calculate the remainder when 180 is divided by 8.
4
Calculate the remainder when 227 is divided by 78.
71
What is the remainder when 93 is divided by 47?
46
Calculate the remainder when 260 is divided by 19.
13
Calculate the remainder when 176 is divided by 23.
15
Calculate the remainder when 929 is divided by 212.
81
What is the remainder when 140969 is divided by 37?
36
What is the remainder when 63 is divided by 23?
17
Calculate the remainder when 175 is divided by 60.
55
Calculate the remainder when 406 is divided by 20.
6
What is the remainder when 1014 is divided by 13?
0
What is the remainder when 3546 is divided by 19?
12
What is the remainder when 507 is divided by 3?
0
Calculate the remainder when 212 is divided by 41.
7
Calculate the remainder when 1214 is divided by 33.
26
What is the remainder when 446 is divided by 16?
14
What is the remainder when 347 is divided by 35?
32
Calculate the remainder when 3837 is divided by 128.
125
What is the remainder when 1089 is divided by 84?
81
Calculate the remainder when 1318 is divided by 6.
4
Calculate the remainder when 4100 is divided by 114.
110
Calculate the remainder when 1758 is divided by 80.
78
What is the remainder when 345 is divided by 341?
4
Calculate the remainder when 697 is divided by 51.
34
What is the remainder when 702 is divided by 88?
86
Calculate the remainder when 1722 is divided by 2.
0
What is the remainder when 436 is divided by 10?
6
What is the remainder when 89 is divided by 23?
20
What is the remainder when 804 is divided by 262?
18
Calculate the remainder when 1653 is divided by 21.
15
What is the remainder when 139 is divided by 2?
1
Calculate the remainder when 113 is divided by 28.
1
What is the remainder when 6391 is divided by 50?
41
Calculate the remainder when 234 is divided by 232.
2
What is the remainder when 370 is divided by 24?
10
What is the remainder when 561 is divided by 63?
57
What is the remainder when 1147 is divided by 10?
7
What is the remainder when 255 is divided by 34?
17
What is the remainder when 97 is divided by 29?
10
What is the remainder when 71 is divided by 19?
14
What is the remainder when 124 is divided by 63?
61
Calculate the remainder when 220 is divided by 5.
0
Calculate the remainder when 40 is divided by 28.
12
What is the remainder when 1653 is divided by 12?
9
What is the remainder when 12624 is divided by 11?
7
What is the remainder when 64 is divided by 63?
1
What is the remainder when 2222 is divided by 552?
14
What is the remainder when 80 is divided by 6?
2
Calculate the remainder when 635 is divided by 13.
11
Calculate the remainder when 1159 is divided by 58.
57
What is the remainder when 184 is divided by 183?
1
Calculate the remainder when 2367 is divided by 85.
72
Calculate the remainder when 169 is divided by 60.
49
Calculate the remainder when 3735 is divided by 219.
12
Calculate the remainder when 93 is divided by 48.
45
What is the remainder when 845 is divided by 187?
97
Calculate the remainder when 2859 is divided by 106.
103
Calculate the remainder when 971 is divided by 65.
61
Calculate the remainder when 306 is divided by 100.
6
What is the remainder when 621 is divided by 125?
121
What is the remainder when 126 is divided by 46?
34
What is the remainder when 30223 is divided by 13?
11
Calculate the remainder when 173 is divided by 88.
85
Calculate the remainder when 131 is divided by 15.
11
Calculate the remainder when 37 is divided by 34.
3
Calculate the remainder when 7 is divided by 2.
1
What is the remainder when 262 is divid